063 = -6*m + r*m, -x = -4*m + 8084. Is m composite?
True
Let s = 74 + -72. Let v(f) = 0 + s*f - 22*f**3 - 6*f**2 - 3*f**3 + 2 + 2*f**2. Is v(-3) a prime number?
False
Let h = 690 - 702. Let y(d) = -405*d - 2 - 25 + 2. Is y(h) a composite number?
True
Let z = -1850 - -7234. Let w = -195 - -8466. Let n = w - z. Is n prime?
True
Let c(u) = 16*u**2 - 37*u - 181. Let m be c(-6). Suppose m*n - 624*n = -108591. Is n composite?
True
Let b = 271 + 91. Let d = 762 - b. Is (-18 - d)*(-1)/2 prime?
False
Suppose -4*g = l - 19065, -12605 - 63673 = -4*l + 2*g. Is l a prime number?
True
Suppose 0 = -109*z + 21131363 + 2985425 - 2207025. Is z a prime number?
True
Let i(z) = z**3 - 3*z**2 + 15*z - 16. Let a = -23 + 11. Let v be (-8 - a) + 14/2. Is i(v) a composite number?
False
Suppose h - 4*r = 8277, 45*h - 8274 = 44*h + r. Let k = h + -1606. Is k a composite number?
True
Let z(r) = -118*r - 6488. Let q be z(-55). Let g = -12 + 17. Suppose 848 = 4*k - 2*n, -q*k - g*n = -265 - 147. Is k a prime number?
True
Let t(x) = x - 13. Let h be t(-10). Let r = -21 - h. Suppose -r*v - 573 = -s, -3*s - 2*v - 2*v = -1759. Is s a composite number?
True
Is (-9)/(9/(-65887)) + (-2 - -2) prime?
False
Let d(w) = 3*w**3 - 3*w**2 - 98*w + 57. Is d(49) composite?
False
Let d = 1063614 - 755903. Is d a composite number?
False
Let s(y) = 2*y + 26. Let h be s(-12). Suppose h*p - 14 = 2*g, -p = -g - g - 8. Is p/10 - (4 + 6360/(-25)) a prime number?
True
Let x(q) = -q**3 - q**2 + q - 10. Suppose -3*j + 54 = -12*j. Let y be x(j). Let o = 283 - y. Is o prime?
False
Suppose 707 = -6*w - 1561. Let c = -719 - w. Let g = 820 + c. Is g a prime number?
True
Suppose -30255 = -9*z + 240006. Is z prime?
True
Let o = 1 - -2. Let r be (o + -3)*(1 + -2). Suppose r*d - 7427 = -7*d. Is d composite?
False
Let u = -62 + 117. Let j(f) = -33 + u*f - 233*f - 70*f. Is j(-16) prime?
False
Suppose t - 1464 = -2*h, 4396 = 5*h + t + 733. Suppose -h + 3438 = 5*v. Is v a prime number?
True
Is 1972347/63 - 128/1344 a prime number?
True
Suppose 0 = p + 3*b + 1591599, -4*p + 2*p - 2*b - 3183194 = 0. Is p/(-135) - 9/15 composite?
False
Suppose 0 = -4*k + 5*a - 6886, 5*a + 0*a - 8605 = 5*k. Let s be (-3 + 37)*k/(-2). Is s/15 + (-40)/(-50) prime?
True
Let x(y) = -59*y**3 + y - 9*y - 2 - 5*y**2 + 17*y. Let q(a) = -29*a**3 - 2*a**2 + 4*a - 1. Let f(u) = 5*q(u) - 2*x(u). Is f(-2) composite?
False
Let k(o) = -78*o**3 + 12*o**2 + 16*o - 5. Is k(-8) prime?
False
Suppose 10*q - 602104 - 132426 = 0. Is q composite?
False
Let z be (8/(-10))/((12/(-50))/(-3)). Let j(b) = -109*b + 13. Is j(z) prime?
True
Let r = 48151 + -2582. Is r composite?
False
Let n = -73925 + 241102. Is n a prime number?
True
Let l(n) = 8*n + 2. Let w be l(2). Let a(t) = 19*t + w*t - 25*t - 25. Is a(19) a composite number?
True
Suppose 62*s - 64*s = -13624. Let w = 2427 + s. Is w a composite number?
False
Suppose 4*h - 8*a - 900132 = 0, -15*a + 13*a + 900142 = 4*h. Is h prime?
False
Suppose -32*o = -54*o + 2368498. Is o composite?
True
Suppose -192339 = -2*d - d - 5*s, 3*s - 128226 = -2*d. Suppose 19*u - 251662 + d = 0. Is u a composite number?
False
Suppose -z + 140714 = -3*m, 0 = 5*z + 1061*m - 1064*m - 703582. Is z prime?
True
Suppose -39*o = 2*t - 38*o - 5559, 3*t - 8333 = 4*o. Is t a composite number?
True
Let c = 55 + -30. Let r(u) = -5*u**3 - 15*u - 44. Let s be r(-4). Let x = s - c. Is x a prime number?
True
Let j = 109 - 84. Let m be 2*(j/10 + -5). Is m/45*-3*993 prime?
True
Let k(s) be the second derivative of s**5/20 - s**4/2 - 5*s**3/3 - 2*s**2 + 34*s. Let i = 6 - -5. Is k(i) composite?
False
Suppose 5*q + 13 + 7 = 0. Let t be 1 - 2006/q - (-2)/(-4). Suppose 5*p + 3*o - 2444 = 0, p = -0*p - 5*o + t. Is p prime?
True
Let h(w) = -w**3 + 4*w**2 + 7*w + 4. Let y be h(5). Let r be -1 + 1 - y/(-2). Let i(d) = d**3 - 2*d**2 - 16*d - 6. Is i(r) prime?
True
Let u(o) = -9*o - 32. Let z be u(-7). Suppose 0 = 4*q - 5*j - z - 5443, -5*q - 3*j = -6861. Is q prime?
False
Suppose -164965 = -3*t - 2*a, -320*a = -t - 315*a + 54994. Is t a composite number?
True
Let w(t) = t**2 - 27. Let m be w(8). Suppose m*n = 28*n + 36009. Is n a composite number?
False
Suppose 137*a - 308*a = -152*a - 56284403. Is a a composite number?
True
Suppose 0 = 2*y - 3*j - 14677, 10*j = -3*y + 6*j + 22075. Is y composite?
False
Let u(q) = -13581*q**2 + 14*q - 23. Let k be u(2). Let l = k + 77736. Is l prime?
True
Let d(f) = f**3 - 12*f**2 + 10*f. Let o be d(11). Let r(x) = -x**2 - 11*x. Let a be r(o). Suppose -v - 2*v + 429 = a. Is v a prime number?
False
Suppose -2*x + 5*p + 17609 = 0, -4*x = 19*p - 15*p - 35288. Is x composite?
True
Suppose 3*p - 2*q + 3*q - 3772 = 0, -5024 = -4*p - 4*q. Suppose -25*i + 27*i - p = 0. Is i prime?
False
Suppose 12*f = -148622 + 466333 + 620173. Is f prime?
True
Let k = 1314 - -6747. Let b = k + -4538. Is b a composite number?
True
Let z be (-176976)/51 + 6/51. Let a = z - -6409. Is a a composite number?
False
Let c = -192 + 196. Is (3 + c + -5)/((-2)/(-5113)) a prime number?
True
Suppose -24*v = -169591 - 105425. Is v prime?
False
Suppose 26*l - 32*l = 24. Let a be 5 + -9 + -1 - l. Is -3 + (2 - 171)*a prime?
False
Let n be 12/4*((-702)/405 + 3/(-5)). Let b = -2 + 28. Let r = n + b. Is r a composite number?
False
Let g(c) = -2*c**3 - 15*c**2 - 134*c + 52. Is g(-37) prime?
True
Suppose -5*i = -6*i + 27181. Suppose 2*u + u - 27167 = -2*a, -3*u + i = -5*a. Suppose 524 = 13*t - u. Is t prime?
False
Let s(a) = 8*a**2 + 104*a + 999. Is s(-77) a composite number?
False
Suppose 467463 = 18*z + 1434621. Let n = z - -82268. Is n a composite number?
False
Let u(o) = -117*o + 280*o + 2119 - 141*o. Is u(0) composite?
True
Let k = 45 + -33. Suppose -3*t = 3*j + k, -4*t = -0*t - 2*j + 4. Is (1/t)/(2/(-1196)) a composite number?
True
Let z be ((-10)/16*4)/(1/(-2)). Suppose -z*q + 6 = -3*q. Suppose 0 = 3*l - r - 2669, -3*l + q*r = -2*r - 2677. Is l a prime number?
False
Suppose 2*w + d - 43 = 0, 4*w - 10*d - 65 = -5*d. Is 32/80 - (-552212)/w composite?
False
Let m(v) = -4*v + 544 - 543 + 3*v**2 + 0*v**2. Suppose 21 + 9 = -5*l. Is m(l) composite?
True
Let k be -4 + 2 + 1 + -5. Is (k/4)/(-2*9/100404) prime?
False
Suppose o = 3*b + 1 - 31, b - 5 = 2*o. Let s be 0/b*1/(-2). Suppose s = -g + 4*r + 1242 - 43, -2*g - 2*r + 2428 = 0. Is g composite?
True
Suppose 5*l = -v + 1154 + 393, 2*v + 3*l = 3122. Is v - (-3 - -5) - 6 prime?
True
Suppose -284*q = -291*q + 2 + 26. Let l(a) = 253*a. Let u be l(1). Suppose 3*j = q*j - u. Is j a composite number?
True
Let g(c) be the second derivative of -63*c**5/20 - c**4/12 - 7*c**3/6 - c**2 + 10*c. Is g(-3) composite?
True
Let k = 442565 + 36086. Is k prime?
True
Let k(x) = 97*x**3 + 20*x**3 - 24*x**3 + 3*x**2 - 5*x**2 - x + 7. Is k(4) composite?
False
Let h(a) = 1519*a + 122. Is h(5) a composite number?
False
Suppose 0 = 5*p + c - 55349, 5*p - 55337 = 22*c - 20*c. Is p a prime number?
True
Suppose -4*t + 2*q = t - 15, -3*t + 3*q = 0. Suppose y - 2*n + 4 = n, 30 = 3*y + t*n. Suppose 215 = 4*i - d, -2*d + 5 + y = 0. Is i prime?
False
Let l = 78822 + -44905. Is l prime?
False
Let q = -85606 - -131049. Is q composite?
True
Is ((-1395710)/(-15))/((-20)/(-24)*(-44)/(-55)) a prime number?
True
Let k be 3 + (-1 - (-10)/4)*-2. Is 11068*(-3)/(-12) - k a prime number?
True
Let t be 10488/88 + 2/33*-3. Suppose -j = -4*y + t, y = -2*y + j + 88. Suppose -2*b + b + y = 0. Is b composite?
False
Let l(t) = -13*t**3 - 6*t**2 - 3*t. Let o be l(-6). Suppose -40*m = -36 - 164. Suppose 0 = -h - q - 0*q + o, m = -q. Is h prime?
False
Let f = -1957488 - -3619277. Is f a prime number?
True
Suppose 0 = -4*x - 0*g - 2*g - 78, -42 = 2*x + 4*g. Let l(o) = -52*o - 33. Is l(x) a composite number?
True
Let c = -64 - -89. Suppose -18595 = 20*y - c*y. Is y composite?
False
Let f be (1 - 1)/(-1 - (-10 + 7)). Let o be 854 + -41 - 0/(1 - f). Suppose d - 948 + 175 = -4*j, 0 = d - 4*j - o. Is d composite?
True
Let w(n) be the third derivative of 343*n**4/24 + 85*n**3/3 + 160*n**2. Is w(23) prime?
True
Let w = 15364 + 5621. Let v = w + -10908. Is v a composite number?
True
Let x(g) = -32*g**2 + 2. Let q(m) = m. Let s(n) = 2*q(n) + x(n). Let u be s(6). Let r = -647 - u. Is r composite?
False
Let x = -251 + 156. Let i = 98 + x. Is (i - 1)*1*18415/58 a prime number?
False
Suppo